{"id":1462,"date":"2025-04-06T10:00:22","date_gmt":"2025-04-06T08:00:22","guid":{"rendered":"https:\/\/sanftegeburt.ch\/shop\/?page_id=1462"},"modified":"2025-04-21T00:00:56","modified_gmt":"2025-04-20T22:00:56","slug":"sanftegeburt-dafuer-setzen-wir-uns-ein","status":"publish","type":"page","link":"https:\/\/sanftegeburt.ch\/shop\/ueber-uns\/sanftegeburt-dafuer-setzen-wir-uns-ein\/","title":{"rendered":"SanfteGeburt\u00ae &#8211; daf\u00fcr setzen wir uns ein"},"content":{"rendered":"\t\t<div data-elementor-type=\"wp-page\" data-elementor-id=\"1462\" class=\"elementor elementor-1462\" data-elementor-settings=\"{&quot;element_pack_global_tooltip_width&quot;:{&quot;unit&quot;:&quot;px&quot;,&quot;size&quot;:&quot;&quot;,&quot;sizes&quot;:[]},&quot;element_pack_global_tooltip_width_tablet_extra&quot;:{&quot;unit&quot;:&quot;px&quot;,&quot;size&quot;:&quot;&quot;,&quot;sizes&quot;:[]},&quot;element_pack_global_tooltip_width_tablet&quot;:{&quot;unit&quot;:&quot;px&quot;,&quot;size&quot;:&quot;&quot;,&quot;sizes&quot;:[]},&quot;element_pack_global_tooltip_width_mobile&quot;:{&quot;unit&quot;:&quot;px&quot;,&quot;size&quot;:&quot;&quot;,&quot;sizes&quot;:[]},&quot;element_pack_global_tooltip_padding&quot;:{&quot;unit&quot;:&quot;px&quot;,&quot;top&quot;:&quot;&quot;,&quot;right&quot;:&quot;&quot;,&quot;bottom&quot;:&quot;&quot;,&quot;left&quot;:&quot;&quot;,&quot;isLinked&quot;:true},&quot;element_pack_global_tooltip_padding_tablet_extra&quot;:{&quot;unit&quot;:&quot;px&quot;,&quot;top&quot;:&quot;&quot;,&quot;right&quot;:&quot;&quot;,&quot;bottom&quot;:&quot;&quot;,&quot;left&quot;:&quot;&quot;,&quot;isLinked&quot;:true},&quot;element_pack_global_tooltip_padding_tablet&quot;:{&quot;unit&quot;:&quot;px&quot;,&quot;top&quot;:&quot;&quot;,&quot;right&quot;:&quot;&quot;,&quot;bottom&quot;:&quot;&quot;,&quot;left&quot;:&quot;&quot;,&quot;isLinked&quot;:true},&quot;element_pack_global_tooltip_padding_mobile&quot;:{&quot;unit&quot;:&quot;px&quot;,&quot;top&quot;:&quot;&quot;,&quot;right&quot;:&quot;&quot;,&quot;bottom&quot;:&quot;&quot;,&quot;left&quot;:&quot;&quot;,&quot;isLinked&quot;:true},&quot;element_pack_global_tooltip_border_radius&quot;:{&quot;unit&quot;:&quot;px&quot;,&quot;top&quot;:&quot;&quot;,&quot;right&quot;:&quot;&quot;,&quot;bottom&quot;:&quot;&quot;,&quot;left&quot;:&quot;&quot;,&quot;isLinked&quot;:true},&quot;element_pack_global_tooltip_border_radius_tablet_extra&quot;:{&quot;unit&quot;:&quot;px&quot;,&quot;top&quot;:&quot;&quot;,&quot;right&quot;:&quot;&quot;,&quot;bottom&quot;:&quot;&quot;,&quot;left&quot;:&quot;&quot;,&quot;isLinked&quot;:true},&quot;element_pack_global_tooltip_border_radius_tablet&quot;:{&quot;unit&quot;:&quot;px&quot;,&quot;top&quot;:&quot;&quot;,&quot;right&quot;:&quot;&quot;,&quot;bottom&quot;:&quot;&quot;,&quot;left&quot;:&quot;&quot;,&quot;isLinked&quot;:true},&quot;element_pack_global_tooltip_border_radius_mobile&quot;:{&quot;unit&quot;:&quot;px&quot;,&quot;top&quot;:&quot;&quot;,&quot;right&quot;:&quot;&quot;,&quot;bottom&quot;:&quot;&quot;,&quot;left&quot;:&quot;&quot;,&quot;isLinked&quot;:true}}\" data-elementor-post-type=\"page\">\n\t\t\t\t<div class=\"elementor-element elementor-element-1df5094 e-flex e-con-boxed e-con e-parent\" data-id=\"1df5094\" data-element_type=\"container\" data-e-type=\"container\">\n\t\t\t\t\t<div class=\"e-con-inner\">\n\t\t\t\t<div class=\"elementor-element elementor-element-c21d486 elementor-widget elementor-widget-heading\" data-id=\"c21d486\" data-element_type=\"widget\" data-e-type=\"widget\" data-widget_type=\"heading.default\">\n\t\t\t\t<div class=\"elementor-widget-container\">\n\t\t\t\t\t<h2 class=\"elementor-heading-title elementor-size-default\">Daf\u00fcr setzen wir uns ein<\/h2>\t\t\t\t<\/div>\n\t\t\t\t<\/div>\n\t\t\t\t<div class=\"elementor-element elementor-element-c86fa62 elementor-widget elementor-widget-text-editor\" data-id=\"c86fa62\" data-element_type=\"widget\" data-e-type=\"widget\" data-widget_type=\"text-editor.default\">\n\t\t\t\t<div class=\"elementor-widget-container\">\n\t\t\t\t\t\t\t\t\t<p>Wir w\u00fcnschen uns von Herzen, dass jede Frau ihr Baby sanft, sicher, ganz nat\u00fcrlich und ohne unn\u00f6tige Schmerzen zur Welt bringen kann \u2013 auch du.<\/p><p>Seitdem wir selbst erfahren haben, wie herausfordernd eine Geburt sein kann \u2013 aber auch, wie wundervoll sie verlaufen kann, wenn man sich bewusst und ganzheitlich darauf vorbereitet \u2013 geben wir unser Wissen in der SanfteGeburt\u00ae Methode weiter. Aus dieser tiefen Erfahrung heraus ist unser ganzheitliches Konzept entstanden, das dich auf deinem Weg zur Wunschgeburt begleitet.<\/p><p>Seitdem haben wir Europas erfolgreichste Geburtsvorbereitung aufgebaut \u2013 und haben seit 2006 weit mehr als 30.000 Schwangere und werdende Eltern auf wundervolle Geburten vorbereitet.<\/p>\t\t\t\t\t\t\t\t<\/div>\n\t\t\t\t<\/div>\n\t\t<div class=\"elementor-element elementor-element-009b9d3 e-con-full e-flex e-con e-child\" data-id=\"009b9d3\" data-element_type=\"container\" data-e-type=\"container\">\n\t\t<div class=\"elementor-element elementor-element-1c332b9 e-con-full e-flex e-con e-child\" data-id=\"1c332b9\" data-element_type=\"container\" data-e-type=\"container\">\n\t\t\t\t<div class=\"elementor-element elementor-element-87e0db4 elementor-widget elementor-widget-heading\" data-id=\"87e0db4\" data-element_type=\"widget\" data-e-type=\"widget\" data-widget_type=\"heading.default\">\n\t\t\t\t<div class=\"elementor-widget-container\">\n\t\t\t\t\t<h2 class=\"elementor-heading-title elementor-size-default\">Unsere Motivation<\/h2>\t\t\t\t<\/div>\n\t\t\t\t<\/div>\n\t\t\t\t<div class=\"elementor-element elementor-element-628671a elementor-widget elementor-widget-text-editor\" data-id=\"628671a\" data-element_type=\"widget\" data-e-type=\"widget\" data-widget_type=\"text-editor.default\">\n\t\t\t\t<div class=\"elementor-widget-container\">\n\t\t\t\t\t\t\t\t\t<p>Die unz\u00e4hligen positiven R\u00fcckmeldungen von begeisterten Teilnehmerinnen sind f\u00fcr uns der gr\u00f6\u00dfte Ansporn, SanfteGeburt\u00ae immer weiterzuentwickeln \u2013 f\u00fcr dich und dein Baby.<\/p>\n<p>Weil uns so viele Frauen nach weiteren M\u00f6glichkeiten gefragt haben, stellen wir dir hier die umfangreichste Sammlung an Tiefenentspannungen f\u00fcr Schwangerschaft, Geburt und Elternzeit in ganz Europa zur Verf\u00fcgung.<\/p>\n<p>Und nicht nur das: Du findest hier auch weltweit die einzigen deutschsprachigen Subliminals zu diesem Thema.<\/p>\n<p>Diese einzigartigen Tiefenentspannungen und Subliminals unterst\u00fctzen dich unabh\u00e4ngig vom SanfteGeburt\u00ae&nbsp;Kurs \u2013 wirken aber besonders kraftvoll in Kombination.<\/p>\t\t\t\t\t\t\t\t<\/div>\n\t\t\t\t<\/div>\n\t\t\t\t<\/div>\n\t\t<div class=\"elementor-element elementor-element-1fc94a6 e-con-full e-flex e-con e-child\" data-id=\"1fc94a6\" data-element_type=\"container\" data-e-type=\"container\">\n\t\t\t\t<div class=\"elementor-element elementor-element-3d5296f elementor-widget elementor-widget-image\" data-id=\"3d5296f\" data-element_type=\"widget\" data-e-type=\"widget\" data-widget_type=\"image.default\">\n\t\t\t\t<div class=\"elementor-widget-container\">\n\t\t\t\t\t\t\t\t\t\t\t\t\t\t\t<img fetchpriority=\"high\" decoding=\"async\" width=\"370\" height=\"370\" src=\"https:\/\/sanftegeburt.ch\/shop\/wp-content\/uploads\/2025\/04\/SG_guetesiegel_-transparent-1.png\" class=\"attachment-large size-large wp-image-2090\" alt=\"Sanfte Geburt Siegel\" srcset=\"https:\/\/sanftegeburt.ch\/shop\/wp-content\/uploads\/2025\/04\/SG_guetesiegel_-transparent-1.png 370w, https:\/\/sanftegeburt.ch\/shop\/wp-content\/uploads\/2025\/04\/SG_guetesiegel_-transparent-1-300x300.png 300w, https:\/\/sanftegeburt.ch\/shop\/wp-content\/uploads\/2025\/04\/SG_guetesiegel_-transparent-1-150x150.png 150w, https:\/\/sanftegeburt.ch\/shop\/wp-content\/uploads\/2025\/04\/SG_guetesiegel_-transparent-1-100x100.png 100w\" sizes=\"(max-width: 370px) 100vw, 370px\" \/>\t\t\t\t\t\t\t\t\t\t\t\t\t\t\t<\/div>\n\t\t\t\t<\/div>\n\t\t\t\t<\/div>\n\t\t\t\t<\/div>\n\t\t\t\t<div class=\"elementor-element elementor-element-d2e3b7d elementor-widget elementor-widget-text-editor\" data-id=\"d2e3b7d\" data-element_type=\"widget\" data-e-type=\"widget\" data-widget_type=\"text-editor.default\">\n\t\t\t\t<div class=\"elementor-widget-container\">\n\t\t\t\t\t\t\t\t\t<p>Mit Hilfe von Tiefenentspannung, Selbsthypnose-Techniken, Meditation, Visualisierungen und mentalem Training bereitest du dich auf eine m\u00f6glichst beschwerdefreie Schwangerschaft und eine sanfte, nat\u00fcrliche Geburt vor \u2013 in deiner eigenen inneren St\u00e4rke.<\/p><p>Unsere Audio-Flow-Erlebnisse \u00f6ffnen dir den Zugang zu den tiefsten Ebenen deines Unterbewusstseins. So kannst du \u00c4ngste aufl\u00f6sen, dein Selbstvertrauen st\u00e4rken und dich auf eine selbstbestimmte, friedliche und kraftvolle Geburt einlassen.<\/p>\t\t\t\t\t\t\t\t<\/div>\n\t\t\t\t<\/div>\n\t\t\t\t<div class=\"elementor-element elementor-element-248ea11 elementor-widget elementor-widget-heading\" data-id=\"248ea11\" data-element_type=\"widget\" data-e-type=\"widget\" data-widget_type=\"heading.default\">\n\t\t\t\t<div class=\"elementor-widget-container\">\n\t\t\t\t\t<h2 class=\"elementor-heading-title elementor-size-default\">Was wir f\u00fcr dich tun<\/h2>\t\t\t\t<\/div>\n\t\t\t\t<\/div>\n\t\t\t\t<div class=\"elementor-element elementor-element-6938b1c elementor-widget elementor-widget-text-editor\" data-id=\"6938b1c\" data-element_type=\"widget\" data-e-type=\"widget\" data-widget_type=\"text-editor.default\">\n\t\t\t\t<div class=\"elementor-widget-container\">\n\t\t\t\t\t\t\t\t\t<p>Mit unserem weltweit einzigartigen 3-Phasen-System bereiten wir dich und deinen Partner gezielt auf eine nat\u00fcrliche Spontangeburt vor \u2013 achtsam, tiefgehend und alltagstauglich.<\/p><p>Deine ganz pers\u00f6nliche Geburtsvorbereitung wird so sanft in deinen Alltag integriert, dass du nur einen einzigen Pr\u00e4senztag brauchst \u2013 das spart Zeit, Energie und macht den Weg zur Geburt sp\u00fcrbar leichter. Viele tausend Teilnehmerinnen best\u00e4tigen uns immer wieder, wie wirkungsvoll dieser Ansatz ist.<\/p><p>Unsere Audio-Flow-Erlebnisse begleiten dich auf deinem Weg in dein Innerstes \u2013 sie helfen dir, tief verwurzelte \u00c4ngste zu l\u00f6sen, dein Selbstvertrauen zu st\u00e4rken und dich auf eine Geburt vorzubereiten, die ganz nat\u00fcrlich, sanft und z\u00fcgig verlaufen darf.<\/p>\t\t\t\t\t\t\t\t<\/div>\n\t\t\t\t<\/div>\n\t\t\t\t\t<\/div>\n\t\t\t\t<\/div>\n\t\t\t\t<\/div>\n\t\t","protected":false},"excerpt":{"rendered":"<p>Daf\u00fcr setzen wir uns ein Wir w\u00fcnschen uns von Herzen, dass jede Frau ihr Baby sanft, sicher, ganz nat\u00fcrlich und ohne unn\u00f6tige Schmerzen zur Welt bringen kann \u2013 auch du. Seitdem wir selbst erfahren haben, wie herausfordernd eine Geburt sein kann \u2013 aber auch, wie wundervoll sie verlaufen kann, wenn man sich bewusst und ganzheitlich [&hellip;]<\/p>\n","protected":false},"author":1,"featured_media":0,"parent":84,"menu_order":0,"comment_status":"closed","ping_status":"closed","template":"","meta":{"footnotes":""},"class_list":["post-1462","page","type-page","status-publish","hentry"],"_links":{"self":[{"href":"https:\/\/sanftegeburt.ch\/shop\/wp-json\/wp\/v2\/pages\/1462","targetHints":{"allow":["GET"]}}],"collection":[{"href":"https:\/\/sanftegeburt.ch\/shop\/wp-json\/wp\/v2\/pages"}],"about":[{"href":"https:\/\/sanftegeburt.ch\/shop\/wp-json\/wp\/v2\/types\/page"}],"author":[{"embeddable":true,"href":"https:\/\/sanftegeburt.ch\/shop\/wp-json\/wp\/v2\/users\/1"}],"replies":[{"embeddable":true,"href":"https:\/\/sanftegeburt.ch\/shop\/wp-json\/wp\/v2\/comments?post=1462"}],"version-history":[{"count":0,"href":"https:\/\/sanftegeburt.ch\/shop\/wp-json\/wp\/v2\/pages\/1462\/revisions"}],"up":[{"embeddable":true,"href":"https:\/\/sanftegeburt.ch\/shop\/wp-json\/wp\/v2\/pages\/84"}],"wp:attachment":[{"href":"https:\/\/sanftegeburt.ch\/shop\/wp-json\/wp\/v2\/media?parent=1462"}],"curies":[{"name":"wp","href":"https:\/\/api.w.org\/{rel}","templated":true}]}}