{"id":1117,"date":"2025-03-23T17:23:49","date_gmt":"2025-03-23T16:23:49","guid":{"rendered":"https:\/\/sanftegeburt.ch\/shop\/?post_type=product&#038;p=1117"},"modified":"2025-04-16T11:24:00","modified_gmt":"2025-04-16T09:24:00","slug":"sanftegeburt-mini-kurs-mit-video-audio-tiefenentspannungen","status":"publish","type":"product","link":"https:\/\/sanftegeburt.ch\/shop\/produkt\/sanftegeburt-mini-kurs-mit-video-audio-tiefenentspannungen\/","title":{"rendered":"SanfteGeburt\u00ae  Mini-Kurs mit Video- &#038; Audio-Tiefenentspannungen"},"content":{"rendered":"<h2>Sanfte Geburten<\/h2>\n<p><strong>Sanfte, z\u00fcgige und wirklich sch\u00f6ne Geburten ist das, was die Natur eigentlich will.<\/strong><\/p>\n<p>Dazu braucht es eine Geburtsvorbereitung die dir hilft, K\u00f6rper, Geist und Seele bei der Geburt im Gleichklang zu halten &#8211; und\u00a0<strong>dein<\/strong>\u00a0wahres, ganzheitliches\u00a0<strong>Kraft-Potenzial zu aktivieren<\/strong>.<\/p>\n<p>Dieses\u00a0<strong><em>Handbuch SanfteGeburt<\/em><\/strong><strong><em>\u00ae<\/em><\/strong>\u00a0\u2013\u00a0<strong>21 Impulse f\u00fcr eine angstfreie, nat\u00fcrlich-sanfte Geburt &#8211; ohne unn\u00f6tige Schmerzen, Komplikationen oder medizinische Eingriffe<\/strong>\u00a0macht dich auf ganz praktische Weise mit den daf\u00fcr wichtigsten Prinzipien vertraut.<\/p>\n<h3>Das erwartet dich<\/h3>\n<ul class=\"liste_vorteile\">\n<li>21 kreative Tagesimpulse f\u00fcr eine positive Schwangerschaft &amp; Geburt<\/li>\n<li>Mit\u00a0<strong>praktischen \u00dcbungsvideos<\/strong><\/li>\n<li>4 gef\u00fchrte\u00a0<strong>Audio-Meditationen<\/strong><\/li>\n<li>Ein paar Minuten t\u00e4gliche Inspiration bauen dich auf<\/li>\n<li>Tagebuch inklusive<\/li>\n<li><strong>Video- und Audiounterst\u00fctzung<\/strong><\/li>\n<\/ul>\n<p>&nbsp;<\/p>\n<h3><strong>Wie dir das Handbuch\u00a0<em>SanfteGeburt<\/em><\/strong><strong><em>\u00ae<\/em><\/strong><strong>\u00a0 helfen kann<\/strong><\/h3>\n<ul class=\"liste_vorteile\">\n<li>Du entwickelst dein\u00a0<strong>urspr\u00fcngliches Selbstvertrauen<\/strong>\u00a0um dein Kind nat\u00fcrlich, schmerzarm, sicher und\u00a0<strong>selbstbestimmt zu geb\u00e4ren<\/strong>.<\/li>\n<li>Du erf\u00e4hrst etwas \u00fcber den positiven Flow und seine Bedeutung f\u00fcr\u00a0<strong>eine nat\u00fcrlich-sanfte Geburt.<\/strong><\/li>\n<li>Du lernst\u00a0<strong>7 Goldene Schl\u00fcssel<\/strong>\u00a0kennen, die dir erm\u00f6glichen, jeden Geburtsverlauf zu meistern.<\/li>\n<li>Du entwirfst dein\u00a0<strong>,,<em>Drehbuch Wunschgeburt\u201d<\/em><\/strong><\/li>\n<li>Du erlebst, wie sich\u00a0<strong>\u00c4ngste aufl\u00f6sen<\/strong>\u00a0und in kraftvolle Energien verwandeln lassen.<\/li>\n<li>Du entwickelst von Anfang an eine bewusste und\u00a0<strong>wundervolle Beziehung<\/strong>\u00a0zu deinem noch ungeborenen Kind.<\/li>\n<li><strong>Perfekte Integration (d)eines Partners<\/strong><\/li>\n<li>und vieles andere mehr<\/li>\n<\/ul>\n<p>Das\u00a0<strong><em>Handbuch SanfteGeburt<\/em><\/strong><strong><em>\u00ae<\/em><\/strong>\u00a0\u2013\u00a0<strong>21 Impulse f\u00fcr eine angstfreie, nat\u00fcrlich-sanfte Geburt &#8211; ohne unn\u00f6tige Schmerzen, Komplikationen oder medizinische Eingriffe<\/strong>\u00a0ist der ideale Start in eine exzellente Geburtsvorbereitung\u00a0<strong>mit minimalem Aufwand<\/strong>. Das best\u00e4tigen seit 2005 viele tausend Teilnehmerinnen der ganzheitlichen Geburtsvorbereitung von\u00a0<em>SanfteGeburt<\/em><em>\u00ae<\/em><\/p>\n<p><strong>Starte noch heute<\/strong>\u00a0mit diesem Handbuch\u00a0<em>SanfteGeburt\u00ae\u00a0<\/em>deine ganzheitliche Vorbereitung auf\u00a0<strong>eine v\u00f6llig<\/strong>\u00a0<strong>stress-freie Schwangerschaft<\/strong>\u00a0und eine nat\u00fcrliche, selbstbestimmte\u00a0<strong>und positive Geburt<\/strong>.<\/p>\n<p>Es ist dein perfekter Schritt, f\u00fcr ein\u00a0<strong>unvergesslich sch\u00f6nes Erlebnis<\/strong>\u00a0von Schwangerschaft und Geburt. F\u00fcr Mutter, Kind und Vater.<\/p>\n","protected":false},"excerpt":{"rendered":"<h4><strong>Aktiviere dein wahres K\u00f6rper-Geist Potenzial!<\/strong><\/h4>\n<h4>Mit 21 Impulsen f\u00fcr eine angstfreie, nat\u00fcrlich-sanfte Geburt \u2013 ohne unn\u00f6tige Schmerzen, Komplikationen oder medizinische Eingriffe<\/h4>\n<p><strong>Entdecke<\/strong>\u00a0<strong>6 Geb\u00e4rkr\u00e4fte<\/strong> die bereits in dir schlummern und nur darauf warten von dir aktiviert zu werden!<strong><br \/>\n<\/strong><\/p>\n<p>Workbook, 64 Seiten,\u00a0<strong>nur 79,90 Euro<\/strong>\u00a0statt 149 Euro<br \/>\n(PDF-Download)<\/p>\n<p><a class=\"smallbutton\" href=\"https:\/\/sanftegeburt.ch\/shop\/wp-content\/uploads\/2025\/04\/Handbuch_Sanfte-Geburt_Leseprobe.pdf\" target=\"_blank\" rel=\"noopener\">Leseprobe<\/a><\/p>\n","protected":false},"featured_media":1118,"comment_status":"open","ping_status":"closed","template":"","meta":{"wds_primary_product_brand":0,"wds_primary_product_cat":0},"product_brand":[],"product_cat":[94],"product_tag":[],"class_list":{"0":"post-1117","1":"product","2":"type-product","3":"status-publish","4":"has-post-thumbnail","6":"product_cat-sanftegeburt-mini-kurs","8":"first","9":"instock","10":"sale","11":"downloadable","12":"virtual","13":"taxable","14":"purchasable","15":"product-type-simple"},"_links":{"self":[{"href":"https:\/\/sanftegeburt.ch\/shop\/wp-json\/wp\/v2\/product\/1117","targetHints":{"allow":["GET"]}}],"collection":[{"href":"https:\/\/sanftegeburt.ch\/shop\/wp-json\/wp\/v2\/product"}],"about":[{"href":"https:\/\/sanftegeburt.ch\/shop\/wp-json\/wp\/v2\/types\/product"}],"replies":[{"embeddable":true,"href":"https:\/\/sanftegeburt.ch\/shop\/wp-json\/wp\/v2\/comments?post=1117"}],"wp:featuredmedia":[{"embeddable":true,"href":"https:\/\/sanftegeburt.ch\/shop\/wp-json\/wp\/v2\/media\/1118"}],"wp:attachment":[{"href":"https:\/\/sanftegeburt.ch\/shop\/wp-json\/wp\/v2\/media?parent=1117"}],"wp:term":[{"taxonomy":"product_brand","embeddable":true,"href":"https:\/\/sanftegeburt.ch\/shop\/wp-json\/wp\/v2\/product_brand?post=1117"},{"taxonomy":"product_cat","embeddable":true,"href":"https:\/\/sanftegeburt.ch\/shop\/wp-json\/wp\/v2\/product_cat?post=1117"},{"taxonomy":"product_tag","embeddable":true,"href":"https:\/\/sanftegeburt.ch\/shop\/wp-json\/wp\/v2\/product_tag?post=1117"}],"curies":[{"name":"wp","href":"https:\/\/api.w.org\/{rel}","templated":true}]}}